t common factor of t and 13.
13
Let f(z) = z**2 + 6*z - 7. Let t be f(-8). Suppose -t = -0*s - s. Let c(a) = 3*a**3 - 4*a**2. Let p be c(3). Calculate the highest common divisor of p and s.
9
Suppose -107 = 4*m - 163. What is the greatest common divisor of 2 and m?
2
Let u(n) = -n**2 - 15*n - 5. Let m be u(-10). Calculate the greatest common divisor of 18 and m.
9
Suppose -4*l + 4*p + 20 = 0, l + 3*p + 2 + 1 = 0. What is the greatest common factor of 33 and l?
3
Suppose 3*i = -4*t + 423, -5*t + 4*i = -0*i - 490. Let k = t - 72. What is the highest common divisor of k and 45?
15
Let y be 4 + 3 - 3/3. Let t be y/21 + 164/14. Suppose -3*n = 3*b + b - 38, -2*n + 5*b = -56. Calculate the greatest common factor of t and n.
6
Suppose -2*x + 5*a + 88 = -x, -x - 2*a + 116 = 0. Calculate the greatest common factor of 12 and x.
12
Let l = 82 + -144. Let c = l - -118. Calculate the highest common factor of c and 28.
28
Let h = -8 - -4. Let c(r) = 4*r**2 + 5*r + 4. Let p be c(h). What is the greatest common factor of 32 and p?
16
Suppose 4*o + 1 = 13. Suppose -4*j = -t - 14, -7*t - 8 = -o*t. Let s be (1 - j - -57) + -3. Calculate the greatest common factor of 13 and s.
13
Let i be (-12)/(-42) + 8676/14. Suppose 0 = -x - 4*x - 25, 5*k = -2*x + i. What is the highest common divisor of k and 18?
18
Let t = -13 + 17. What is the greatest common divisor of 1 and t?
1
Let o = 89 - 35. Suppose -4*a + 0*n + 230 = n, 280 = 5*a + 5*n. Let m = a + -40. What is the highest common divisor of m and o?
18
Let y = -19 + 22. Suppose -l = -y*l + 28. Calculate the highest common divisor of 84 and l.
14
Let p = -45 - -76. Let k be ((-4)/(-12))/((-4)/2976*-4). Calculate the greatest common divisor of p and k.
31
Let m(y) = y**3 + 8*y**2 + 2*y + 10. Let l be m(-7). What is the greatest common factor of 30 and l?
15
Suppose 5*i - 2*i = 27. Suppose 0 = -3*j + 5*r - 2, 5*j - 5*r + 14 = -6. Let g = i - j. Calculate the greatest common divisor of g and 9.
9
Suppose -3*f = 0, 2*f + 42 = 3*p - 0. What is the highest common divisor of p and 7?
7
Let d be (-3)/(-12) - (-2)/(-8). Let w(b) = b**3 + 6*b**2 + 5*b - 2. Let m be w(-4). Let c = d + m. What is the greatest common divisor of c and 90?
10
Suppose 42 = 3*q + 9. Let d be (q/(-5) + 2)*-5. Calculate the greatest common factor of 5 and d.
1
Let d be (-2)/11 - (-8091)/33. Suppose 11 + d = 4*h. What is the greatest common divisor of 8 and h?
8
Let z(n) = n + 4. Let v be z(7). What is the highest common divisor of 121 and v?
11
Let i be (-6)/(-24)*(3 + 1). Let x be 2/(((-3)/(-9))/i). Calculate the highest common factor of x and 18.
6
Let z(b) = 3*b + 1. Let g = 6 - 2. Let t be z(g). Suppose -86 = -3*c + t. What is the highest common divisor of c and 3?
3
Let j be ((-2)/(-5))/((-2)/(-880)). Let v = -8 + 12. Suppose -v*a = -4*k - 84, 2*a - 1 = -4*k + 47. What is the greatest common divisor of j and a?
22
Let t be 1/(3/2) - 63/(-27). What is the greatest common divisor of t and 9?
3
Suppose 52 = 2*l - 46. Suppose -2*k - 13 = -l. Let u be (-1*(-4)/(-1))/(-2). Calculate the highest common divisor of u and k.
2
Let k(x) = -19*x - 6. Let n(g) = -1. Let s(z) = k(z) - 3*n(z). Let p be s(-3). Calculate the highest common factor of 36 and p.
18
Suppose 18 - 6 = 4*p. Suppose -p*s + 12 = -0*s. Suppose -3*l = -s*l + 8. What is the greatest common factor of 56 and l?
8
Let i be 2*2/((-8)/(-6)). Suppose -15 = -m + 8. Let h = 4 + m. What is the greatest common divisor of h and i?
3
Let j = -7 + 11. Let z be ((-28)/(-2))/((-3)/(-6)). What is the highest common factor of j and z?
4
Suppose -2*o + 3*o = 12. Let k(d) = d - 1. Let j be k(3). Let w be 54*j - (-2 + 2). What is the highest common divisor of o and w?
12
Suppose -8 = -7*j + 20. What is the greatest common divisor of 16 and j?
4
Let c(y) = 6*y + 2. Let z(h) = h**2 - 1. Let l(j) = c(j) + z(j). Let v be l(-6). Calculate the highest common divisor of 7 and v.
1
Let o = 102 + -74. What is the highest common divisor of 4 and o?
4
Suppose -5*z + 3*j = -128, 5*z - 4*j + 63 - 187 = 0. What is the highest common factor of 28 and z?
28
Suppose 0 = -2*r - 4*r + 432. What is the greatest common divisor of 24 and r?
24
Suppose 7*o - 3*o = -2*v - 10, 2 = -2*o + 2*v. Let f be (1/o)/(1/(-2)). What is the greatest common divisor of 1 and f?
1
Let j be (36/54)/((-2)/(-504)). What is the highest common factor of 42 and j?
42
Let z be 1*((3 - 1) + -8). Let c = z + 11. Suppose 40 = 10*r - c*r. Calculate the greatest common factor of 2 and r.
2
Let d(q) = -3*q - 6. Let r be d(-7). Let b = 6 + -4. Suppose b*w - 45 = 225. Calculate the highest common divisor of r and w.
15
Suppose 0 = -i - 0*i + 4, 3*i + 3 = 3*n. Suppose 5*g + n*x = g + 185, 5*g + 4*x - 220 = 0. What is the highest common factor of 16 and g?
8
Let d be 452/14 - 2/7. Let o = 74 - 66. Calculate the highest common divisor of o and d.
8
Let h(o) = o**2 - o + 6. Let b be h(7). Suppose -c + 3*r = 4, 6*c - b = c - 2*r. Suppose 3*g + 9 = 129. Calculate the greatest common divisor of c and g.
8
Suppose m = v + 2*v - 6, 3*m + 18 = 5*v. Let o be m/(-9) - (-22)/(-6). Let z be 21 + 2 - (o - -4). Calculate the greatest common divisor of z and 55.
11
Suppose 96 = -5*y + 236. Calculate the highest common factor of y and 7.
7
Let z = -332 + 556. Calculate the greatest common factor of z and 32.
32
Let m be (-1)/(1 - 0) - -5. Suppose -2*k - 2 = -m*k. Suppose 0 = 6*s - s - 50. What is the greatest common divisor of k and s?
1
Let k be 5/(0 + -2 - -3). Let q be k/(5/3) + 10. Calculate the greatest common divisor of q and 104.
13
Suppose l - 13 = 12. What is the greatest common factor of l and 10?
5
Let o be (-8)/4 + 236 + (1 - 4). What is the greatest common divisor of 21 and o?
21
Let p = 22 + 32. Suppose 4*i - p = -5*h, -3*i - 2*i - 4*h = -72. Let f be (i/(-10))/((-1)/5). What is the highest common divisor of 32 and f?
8
Suppose d + 3 = 9. Suppose 0 = 5*a - 0*a - v - 243, 4*a = -v + 189. Calculate the greatest common divisor of d and a.
6
Suppose 9 = 4*y - 3. Let n = 7 + y. What is the greatest common factor of n and 110?
10
Suppose -5*q - l + 14 = -5*l, 5*l - 20 = 0. Let r(t) = 3*t - 3. Let s be r(q). What is the highest common divisor of s and 105?
15
Let h be (0 - 0)/(4/(-4)). Suppose h*i - 2*i + 192 = 0. Suppose -5*m + 120 = z, 2*m + z + i = 6*m. What is the highest common factor of m and 12?
12
Let p be 1/(2/((-4)/(-1))). Calculate the greatest common divisor of 6 and p.
2
Let v = -83 + 85. Let w = -2 - -5. Suppose 11 + 7 = w*m. Calculate the highest common factor of v and m.
2
Let w(r) = r**2 + 3*r + 2. Let s(y) = 2*y**2 + 3*y - 2. Suppose -5*v - 23 = -8. Let l be s(v). Let x be w(l). What is the highest common divisor of 18 and x?
18
Suppose -429 = 19*i - 22*i. What is the greatest common factor of i and 13?
13
Suppose -b + 11 = 2*x, 0*b + 5*x = -5*b + 40. Let g(m) = -b + 0 - m**2 - 1 + 11*m. Let k be g(5). What is the greatest common factor of 3 and k?
3
Suppose 3*n - 42 = 15. What is the greatest common factor of 95 and n?
19
Let w = -76 - -158. What is the highest common factor of w and 41?
41
Let q be 56/(-10)*(-10)/4. What is the highest common divisor of 126 and q?
14
Suppose 27 = 4*k - 33. Suppose -a - 319 + 64 = -4*z, z - a = 66. Suppose -r + 3*n + 45 = -42, r + 3*n = z. What is the highest common divisor of r and k?
15
Suppose -s - 4*s = -5. Let n be 1 - 0/(-1) - s. Suppose n*v = 4*v - 648. What is the greatest common divisor of v and 18?
18
Suppose o = -v, -2*v + 0*v = 5*o + 6. Suppose -n - 10 = -v*i, -4*n + 15 = i - 2*n. What is the greatest common divisor of i and 1?
1
Let u be (-2 - 20)/(-1) + -2. Calculate the greatest common divisor of u and 15.
5
Suppose 2*h - 3*h + 4 = 0. Suppose c - h*i - 52 = -0*c, 0 = -c - i + 42. Let r = 72 - c. Calculate the highest common divisor of r and 4.
4
Let r(n) = 28*n + 8. Let l be r(1). What is the greatest common factor of l and 12?
12
Suppose -3*z - 4*q = -14, -4 = 2*z - 4*q - 0. Suppose -b - 226 = -4*n, z*n = 7*n - 5*b - 290. Let d = -70 + 84. What is the greatest common factor of n and d?
14
Let i = -5 + 5. Suppose i = 2*b - 4*w + 44, 4*w + 0*w - 24 = b. Let z = -14 - b. What is the greatest common divisor of 54 and z?
6
Suppose -9*p - 5*q = -7*p - 8, 3*p + 5*q - 17 = 0. Calculate the greatest common divisor 